{"id":1152,"date":"2018-08-23T15:07:19","date_gmt":"2018-08-23T13:07:19","guid":{"rendered":"https:\/\/100dagenjosephbeuys2018.nl\/?page_id=1152"},"modified":"2018-08-23T15:16:38","modified_gmt":"2018-08-23T13:16:38","slug":"cest-beuys-qui-nous-a-fait-penser","status":"publish","type":"page","link":"https:\/\/100dagenjosephbeuys2018.nl\/?page_id=1152","title":{"rendered":"C&#8217;est Beuys qui nous a fait penser"},"content":{"rendered":"<p>C&#8217;est Beuys qui nous a fait penser \u00e0 ,&#8221;a la pens\u00e9e comme sculpture &#8220;. Il fut l&#8217;initiateur d&#8217;un &#8220;concept \u00e9largi de l&#8217;art&#8221; qui permette de d\u00e9passer les limites du modernisme. Il attira notre l&#8217;attention sur le potentiel de la cr\u00e9ativit\u00e9 humaine avec ce slogan: &#8220;Tout le monde est un artiste&#8221;. Il affirmait simplement: &#8220;Dans une soci\u00e9t\u00e9 o\u00f9 tout le monde est un artiste, la vie m\u00eame devient un art&#8221;. Et avec son rire formidable il ajoutait: &#8220;L&#8217;Art Moderne a fait son temps, maitenant l&#8217;Art peut commencer&#8221;.<\/p>\n<p><small>Traduction: Colette No\u00ebl<\/small><\/p>\n","protected":false},"excerpt":{"rendered":"<p>C&#8217;est Beuys qui nous a fait penser \u00e0 ,&#8221;a la pens\u00e9e comme sculpture &#8220;. Il fut l&#8217;initiateur d&#8217;un &#8220;concept \u00e9largi de l&#8217;art&#8221; qui permette de d\u00e9passer les limites du modernisme. Il attira notre l&#8217;attention sur le potentiel de la cr\u00e9ativit\u00e9 humaine avec ce slogan: &#8220;Tout le monde est un artiste&#8221;. Il affirmait simplement: &#8220;Dans une &hellip; <\/p>\n<p class=\"link-more\"><a href=\"https:\/\/100dagenjosephbeuys2018.nl\/?page_id=1152\" class=\"more-link\"><span class=\"screen-reader-text\">&#8220;C&#8217;est Beuys qui nous a fait penser&#8221;<\/span> verder lezen<\/a><\/p>\n","protected":false},"author":1,"featured_media":0,"parent":0,"menu_order":0,"comment_status":"closed","ping_status":"closed","template":"","meta":[],"_links":{"self":[{"href":"https:\/\/100dagenjosephbeuys2018.nl\/index.php?rest_route=\/wp\/v2\/pages\/1152"}],"collection":[{"href":"https:\/\/100dagenjosephbeuys2018.nl\/index.php?rest_route=\/wp\/v2\/pages"}],"about":[{"href":"https:\/\/100dagenjosephbeuys2018.nl\/index.php?rest_route=\/wp\/v2\/types\/page"}],"author":[{"embeddable":true,"href":"https:\/\/100dagenjosephbeuys2018.nl\/index.php?rest_route=\/wp\/v2\/users\/1"}],"replies":[{"embeddable":true,"href":"https:\/\/100dagenjosephbeuys2018.nl\/index.php?rest_route=%2Fwp%2Fv2%2Fcomments&post=1152"}],"version-history":[{"count":3,"href":"https:\/\/100dagenjosephbeuys2018.nl\/index.php?rest_route=\/wp\/v2\/pages\/1152\/revisions"}],"predecessor-version":[{"id":1156,"href":"https:\/\/100dagenjosephbeuys2018.nl\/index.php?rest_route=\/wp\/v2\/pages\/1152\/revisions\/1156"}],"wp:attachment":[{"href":"https:\/\/100dagenjosephbeuys2018.nl\/index.php?rest_route=%2Fwp%2Fv2%2Fmedia&parent=1152"}],"curies":[{"name":"wp","href":"https:\/\/api.w.org\/{rel}","templated":true}]}}

<p>C&#8217;est Beuys qui nous a fait penser à ,&#8221;a la pensée comme sculpture &#8220;. Il fut l&#8217;initiateur d&#8217;un &#8220;concept élargi de l&#8217;art&#8221; qui permette de dépasser les limites du modernisme. Il attira notre l&#8217;attention sur le potentiel de la créativité humaine avec ce slogan: &#8220;Tout le monde est un artiste&#8221;. Il affirmait simplement: &#8220;Dans une société où tout le monde est un artiste, la vie même devient un art&#8221;. Et avec son rire formidable il ajoutait: &#8220;L&#8217;Art Moderne a fait son temps, maitenant l&#8217;Art peut commencer&#8221;.</p>
<p><small>Traduction: Colette Noël</small></p>

<p>C&#8217;est Beuys qui nous a fait penser à ,&#8221;a la pensée comme sculpture &#8220;. Il fut l&#8217;initiateur d&#8217;un &#8220;concept élargi de l&#8217;art&#8221; qui permette de dépasser les limites du modernisme. Il attira notre l&#8217;attention sur le potentiel de la créativité humaine avec ce slogan: &#8220;Tout le monde est un artiste&#8221;. Il affirmait simplement: &#8220;Dans une &hellip; </p>
<p class="link-more"><a href="https://100dagenjosephbeuys2018.nl/?page_id=1152" class="more-link"><span class="screen-reader-text">&#8220;C&#8217;est Beuys qui nous a fait penser&#8221;</span> verder lezen</a></p>
