{"id":2,"date":"2016-05-10T05:48:21","date_gmt":"2016-05-10T03:48:21","guid":{"rendered":"http:\/\/100dagenjosephbeuys2018.nl\/?page_id=2"},"modified":"2018-05-30T13:32:36","modified_gmt":"2018-05-30T11:32:36","slug":"sample-page","status":"publish","type":"page","link":"https:\/\/100dagenjosephbeuys2018.nl\/","title":{"rendered":"Korte info"},"content":{"rendered":"<h1>HET PERMANENTE GESPREK<\/h1>\n<p>In Ferwert doet Gastatelier Louwrien Wijers mee aan \u2018Leeuwarden Culturele Hoofdstad 2018\u2019 met \u2018100 Dagen JOSEPH BEUYS komt uit Friesland\u2019. Van 8 juni tot 16 september 2018 is Het Permanente Gesprek d\u00e9 kans om over de idee\u00ebn van Beuys te spreken.<\/p>\n<p>Joseph Beuys (1921-1986) is \u00e9\u00e9n van de meest vooraanstaande kunstenaars van de 20ste eeuw. Zijn werk zien we in de grotere musea van Europa, de VS, Zuid-Korea, Japan, China, India, Zuid-Amerika, Turkije en Australi\u00eb. In musea gaat het altijd om de fysieke kunst van Beuys, maar \u2018100DagenBeuys\u2019 draait om zijn revolutionaire inhoud, zijn Verruimde Kunstbegrip, de Sociale Sculptuur, Ieder Mens een Kunstenaar, Creativiteit=Kapitaal, Directe Democratie door Referendum, zijn Free International University FIU, zijn Onvoorwaardelijke Basisinkomen voor Iedereen, zijn zin &#8220;Creativiteit is het werkelijke kapitaal, geld heeft niets met kapitaal te maken&#8221; en om zijn ecologische uitgangspunten, want als oprichter van de politieke partij Die Gr\u00fcnen in Duitsland verdedigde Beuys duurzaamheid als geen ander en het gaat om zijn wensdroom Eurazi\u00eb weer \u00e9\u00e9n geheel te maken.<\/p>\n<p>Bovendien is er zijn liefde voor Friesland, waar zijn voorouders vandaan komen. Zijn visies baseerde Beuys op zijn Friese afkomst en de oude Friese maatschappij structuren. Friesland was de eerste democratie ter wereld. Volgens Beuys zelf zullen zijn idee\u00ebn in het begin van de 21ste eeuw tot wasdom komen. Dat is nu.<\/p>\n<p>De nieuwe bioscoopfilm BEUYS van Andres Veiel speelt alle dagen, we geven kopie\u00ebn van materiaal over Beuys uit ons archief mee aan bezoekers, er is muziek aan de vleugel en op trompet op de sprekende Beuys gecomponeerd en er komen elf Beuys-kenners praten over karakteristieke Beuys-onderwerpen. Deze website 100dagenjosephbeuys2018.nl gaat informatie geven over alle sprekers die naar Ferwert komen, de interviews van Louwrien Wijers met Joseph Beuys uit \u2018Writing as Sculpture\u2019 en de aantekeningen in de loop van 18 jaar dichtbij Beuys opgeschreven komen ook op de site.<\/p>\n<p>Cultureel publiek uit Friesland, Nederland, Europa en de wereld wordt uitgenodigd naar Gastatelier Hoofdstraat 12 in Ferwert, dat met uitzicht op de mooie Vrijhof en \u00e9\u00e9n van de oudste kerken van Friesland een prachtige plek is om over de toekomstvisies van Beuys te praten met elkaar.<\/p>\n<p>De deur van Gastatelier Hoofdstraat 12 in Ferwert is alle honderd dagen, 8 juni tot 16 september, van 11.00 tot 18.00 uur open. We praten alle dagen over de maatschappelijke vernieuwing die Beuys voor ogen stond en die hij in onze tijd tot ontwikkeling zag komen.<\/p>\n<p>Het programma begint op 8 juni om 15 uur met de film BEUYS, die de Duitse filmmaker Andres Veiel in de loop van drie jaar heeft gemaakt over Joseph Beuys en die in mei 2017 in premiere is gegaan. Ik heb veel mensen gesproken die er helemaal weg van zijn. De film BEUYS speelt daarna elke dag in Gastatelier Hoofdstraat 12 in Ferwert. Alle dagen liggen er ook de Beuys teksten uit eigen archief om mee te nemen. Vooral de teksten \u2018Met Joseph Beuys in Japan, 1984\u2019 zijn uniek. Er is een keuze aan andere films met Beuys te zien, er zijn audio opnames te horen, weer vaak over Joseph Beuys in Japan, want daar sprak hij beter dan ooit over zijn visionaire toekomstbeelden.<\/p>\n<figure id=\"attachment_86\" aria-describedby=\"caption-attachment-86\" style=\"width: 525px\" class=\"wp-caption aligncenter\"><img loading=\"lazy\" src=\"http:\/\/100dagenjosephbeuys2018.nl\/wp-content\/uploads\/2017\/11\/cropped-cropped-1978_09_29_LWijers_Beuys-2-1024x474.jpg\" class=\"size-large wp-image-86\" width=\"525\" height=\"243\" alt=\"Joseph Beuys en Louwrien Wijers in gesprek in 1978 in Arnhem\" srcset=\"https:\/\/100dagenjosephbeuys2018.nl\/wp-content\/uploads\/2017\/11\/cropped-cropped-1978_09_29_LWijers_Beuys-2-1024x474.jpg 1024w, https:\/\/100dagenjosephbeuys2018.nl\/wp-content\/uploads\/2017\/11\/cropped-cropped-1978_09_29_LWijers_Beuys-2-300x139.jpg 300w, https:\/\/100dagenjosephbeuys2018.nl\/wp-content\/uploads\/2017\/11\/cropped-cropped-1978_09_29_LWijers_Beuys-2-768x355.jpg 768w, https:\/\/100dagenjosephbeuys2018.nl\/wp-content\/uploads\/2017\/11\/cropped-cropped-1978_09_29_LWijers_Beuys-2.jpg 2000w\" sizes=\"(max-width: 525px) 100vw, 525px\" \/><figcaption id=\"caption-attachment-86\" class=\"wp-caption-text\"><br \/>Joseph Beuys en Louwrien Wijers in gesprek in 1978 in Arnhem<\/figcaption><\/figure>\n","protected":false},"excerpt":{"rendered":"<p>HET PERMANENTE GESPREK In Ferwert doet Gastatelier Louwrien Wijers mee aan \u2018Leeuwarden Culturele Hoofdstad 2018\u2019 met \u2018100 Dagen JOSEPH BEUYS komt uit Friesland\u2019. Van 8 juni tot 16 september 2018 is Het Permanente Gesprek d\u00e9 kans om over de idee\u00ebn van Beuys te spreken. Joseph Beuys (1921-1986) is \u00e9\u00e9n van de meest vooraanstaande kunstenaars van &hellip; <\/p>\n<p class=\"link-more\"><a href=\"https:\/\/100dagenjosephbeuys2018.nl\/\" class=\"more-link\"><span class=\"screen-reader-text\">&#8220;Korte info&#8221;<\/span> verder lezen<\/a><\/p>\n","protected":false},"author":1,"featured_media":0,"parent":0,"menu_order":0,"comment_status":"closed","ping_status":"closed","template":"","meta":[],"_links":{"self":[{"href":"https:\/\/100dagenjosephbeuys2018.nl\/index.php?rest_route=\/wp\/v2\/pages\/2"}],"collection":[{"href":"https:\/\/100dagenjosephbeuys2018.nl\/index.php?rest_route=\/wp\/v2\/pages"}],"about":[{"href":"https:\/\/100dagenjosephbeuys2018.nl\/index.php?rest_route=\/wp\/v2\/types\/page"}],"author":[{"embeddable":true,"href":"https:\/\/100dagenjosephbeuys2018.nl\/index.php?rest_route=\/wp\/v2\/users\/1"}],"replies":[{"embeddable":true,"href":"https:\/\/100dagenjosephbeuys2018.nl\/index.php?rest_route=%2Fwp%2Fv2%2Fcomments&post=2"}],"version-history":[{"count":70,"href":"https:\/\/100dagenjosephbeuys2018.nl\/index.php?rest_route=\/wp\/v2\/pages\/2\/revisions"}],"predecessor-version":[{"id":920,"href":"https:\/\/100dagenjosephbeuys2018.nl\/index.php?rest_route=\/wp\/v2\/pages\/2\/revisions\/920"}],"wp:attachment":[{"href":"https:\/\/100dagenjosephbeuys2018.nl\/index.php?rest_route=%2Fwp%2Fv2%2Fmedia&parent=2"}],"curies":[{"name":"wp","href":"https:\/\/api.w.org\/{rel}","templated":true}]}}

<h1>HET PERMANENTE GESPREK</h1>
<p>In Ferwert doet Gastatelier Louwrien Wijers mee aan ‘Leeuwarden Culturele Hoofdstad 2018’ met ‘100 Dagen JOSEPH BEUYS komt uit Friesland’. Van 8 juni tot 16 september 2018 is Het Permanente Gesprek dé kans om over de ideeën van Beuys te spreken.</p>
<p>Joseph Beuys (1921-1986) is één van de meest vooraanstaande kunstenaars van de 20ste eeuw. Zijn werk zien we in de grotere musea van Europa, de VS, Zuid-Korea, Japan, China, India, Zuid-Amerika, Turkije en Australië. In musea gaat het altijd om de fysieke kunst van Beuys, maar ‘100DagenBeuys’ draait om zijn revolutionaire inhoud, zijn Verruimde Kunstbegrip, de Sociale Sculptuur, Ieder Mens een Kunstenaar, Creativiteit=Kapitaal, Directe Democratie door Referendum, zijn Free International University FIU, zijn Onvoorwaardelijke Basisinkomen voor Iedereen, zijn zin &#8220;Creativiteit is het werkelijke kapitaal, geld heeft niets met kapitaal te maken&#8221; en om zijn ecologische uitgangspunten, want als oprichter van de politieke partij Die Grünen in Duitsland verdedigde Beuys duurzaamheid als geen ander en het gaat om zijn wensdroom Eurazië weer één geheel te maken.</p>
<p>Bovendien is er zijn liefde voor Friesland, waar zijn voorouders vandaan komen. Zijn visies baseerde Beuys op zijn Friese afkomst en de oude Friese maatschappij structuren. Friesland was de eerste democratie ter wereld. Volgens Beuys zelf zullen zijn ideeën in het begin van de 21ste eeuw tot wasdom komen. Dat is nu.</p>
<p>De nieuwe bioscoopfilm BEUYS van Andres Veiel speelt alle dagen, we geven kopieën van materiaal over Beuys uit ons archief mee aan bezoekers, er is muziek aan de vleugel en op trompet op de sprekende Beuys gecomponeerd en er komen elf Beuys-kenners praten over karakteristieke Beuys-onderwerpen. Deze website 100dagenjosephbeuys2018.nl gaat informatie geven over alle sprekers die naar Ferwert komen, de interviews van Louwrien Wijers met Joseph Beuys uit ‘Writing as Sculpture’ en de aantekeningen in de loop van 18 jaar dichtbij Beuys opgeschreven komen ook op de site.</p>
<p>Cultureel publiek uit Friesland, Nederland, Europa en de wereld wordt uitgenodigd naar Gastatelier Hoofdstraat 12 in Ferwert, dat met uitzicht op de mooie Vrijhof en één van de oudste kerken van Friesland een prachtige plek is om over de toekomstvisies van Beuys te praten met elkaar.</p>
<p>De deur van Gastatelier Hoofdstraat 12 in Ferwert is alle honderd dagen, 8 juni tot 16 september, van 11.00 tot 18.00 uur open. We praten alle dagen over de maatschappelijke vernieuwing die Beuys voor ogen stond en die hij in onze tijd tot ontwikkeling zag komen.</p>
<p>Het programma begint op 8 juni om 15 uur met de film BEUYS, die de Duitse filmmaker Andres Veiel in de loop van drie jaar heeft gemaakt over Joseph Beuys en die in mei 2017 in premiere is gegaan. Ik heb veel mensen gesproken die er helemaal weg van zijn. De film BEUYS speelt daarna elke dag in Gastatelier Hoofdstraat 12 in Ferwert. Alle dagen liggen er ook de Beuys teksten uit eigen archief om mee te nemen. Vooral de teksten ‘Met Joseph Beuys in Japan, 1984’ zijn uniek. Er is een keuze aan andere films met Beuys te zien, er zijn audio opnames te horen, weer vaak over Joseph Beuys in Japan, want daar sprak hij beter dan ooit over zijn visionaire toekomstbeelden.</p>
<figure id="attachment_86" aria-describedby="caption-attachment-86" style="width: 525px" class="wp-caption aligncenter"><img loading="lazy" src="http://100dagenjosephbeuys2018.nl/wp-content/uploads/2017/11/cropped-cropped-1978_09_29_LWijers_Beuys-2-1024x474.jpg" class="size-large wp-image-86" width="525" height="243" alt="Joseph Beuys en Louwrien Wijers in gesprek in 1978 in Arnhem" srcset="https://100dagenjosephbeuys2018.nl/wp-content/uploads/2017/11/cropped-cropped-1978_09_29_LWijers_Beuys-2-1024x474.jpg 1024w, https://100dagenjosephbeuys2018.nl/wp-content/uploads/2017/11/cropped-cropped-1978_09_29_LWijers_Beuys-2-300x139.jpg 300w, https://100dagenjosephbeuys2018.nl/wp-content/uploads/2017/11/cropped-cropped-1978_09_29_LWijers_Beuys-2-768x355.jpg 768w, https://100dagenjosephbeuys2018.nl/wp-content/uploads/2017/11/cropped-cropped-1978_09_29_LWijers_Beuys-2.jpg 2000w" sizes="(max-width: 525px) 100vw, 525px" /><figcaption id="caption-attachment-86" class="wp-caption-text"><br />Joseph Beuys en Louwrien Wijers in gesprek in 1978 in Arnhem</figcaption></figure>

<p>HET PERMANENTE GESPREK In Ferwert doet Gastatelier Louwrien Wijers mee aan ‘Leeuwarden Culturele Hoofdstad 2018’ met ‘100 Dagen JOSEPH BEUYS komt uit Friesland’. Van 8 juni tot 16 september 2018 is Het Permanente Gesprek dé kans om over de ideeën van Beuys te spreken. Joseph Beuys (1921-1986) is één van de meest vooraanstaande kunstenaars van &hellip; </p>
<p class="link-more"><a href="https://100dagenjosephbeuys2018.nl/" class="more-link"><span class="screen-reader-text">&#8220;Korte info&#8221;</span> verder lezen</a></p>
